t is the remainder when 2477 is divided by 37?
35
What is the remainder when 5356 is divided by 80?
76
What is the remainder when 1323 is divided by 39?
36
What is the remainder when 565 is divided by 33?
4
Calculate the remainder when 1481 is divided by 57.
56
Calculate the remainder when 1360 is divided by 2.
0
What is the remainder when 63 is divided by 53?
10
What is the remainder when 1390 is divided by 18?
4
What is the remainder when 617 is divided by 3?
2
What is the remainder when 158 is divided by 83?
75
What is the remainder when 882 is divided by 95?
27
Calculate the remainder when 873 is divided by 39.
15
What is the remainder when 238 is divided by 6?
4
Calculate the remainder when 318 is divided by 227.
91
What is the remainder when 129 is divided by 107?
22
What is the remainder when 175 is divided by 44?
43
Calculate the remainder when 680 is divided by 137.
132
What is the remainder when 1776 is divided by 21?
12
What is the remainder when 1837 is divided by 8?
5
Calculate the remainder when 34 is divided by 22.
12
What is the remainder when 1993 is divided by 6?
1
What is the remainder when 684 is divided by 684?
0
Calculate the remainder when 52 is divided by 45.
7
What is the remainder when 2154 is divided by 23?
15
Calculate the remainder when 763 is divided by 17.
15
What is the remainder when 1382 is divided by 679?
24
Calculate the remainder when 1223 is divided by 442.
339
Calculate the remainder when 4895 is divided by 23.
19
What is the remainder when 34389 is divided by 362?
361
What is the remainder when 276 is divided by 82?
30
Calculate the remainder when 1186 is divided by 199.
191
What is the remainder when 74 is divided by 28?
18
What is the remainder when 172 is divided by 52?
16
What is the remainder when 114 is divided by 50?
14
Calculate the remainder when 46 is divided by 36.
10
Calculate the remainder when 217 is divided by 30.
7
Calculate the remainder when 366 is divided by 23.
21
What is the remainder when 305 is divided by 79?
68
What is the remainder when 240 is divided by 31?
23
What is the remainder when 122 is divided by 21?
17
Calculate the remainder when 378 is divided by 65.
53
Calculate the remainder when 372 is divided by 365.
7
Calculate the remainder when 7151 is divided by 1191.
5
What is the remainder when 8 is divided by 5?
3
What is the remainder when 1896 is divided by 13?
11
Calculate the remainder when 1005 is divided by 16.
13
Calculate the remainder when 3282 is divided by 45.
42
Calculate the remainder when 43 is divided by 15.
13
What is the remainder when 735 is divided by 3?
0
Calculate the remainder when 167 is divided by 56.
55
Calculate the remainder when 130 is divided by 42.
4
What is the remainder when 1137 is divided by 142?
1
Calculate the remainder when 84 is divided by 23.
15
Calculate the remainder when 984 is divided by 255.
219
What is the remainder when 16582 is divided by 5?
2
Calculate the remainder when 284 is divided by 87.
23
What is the remainder when 1731 is divided by 218?
205
Calculate the remainder when 349 is divided by 86.
5
What is the remainder when 19 is divided by 4?
3
What is the remainder when 2361 is divided by 169?
164
What is the remainder when 136 is divided by 83?
53
Calculate the remainder when 266 is divided by 68.
62
What is the remainder when 529 is divided by 59?
57
Calculate the remainder when 7028 is divided by 71.
70
Calculate the remainder when 206 is divided by 12.
2
Calculate the remainder when 1523 is divided by 532.
459
Calculate the remainder when 14255 is divided by 264.
263
Calculate the remainder when 312 is divided by 35.
32
What is the remainder when 711 is divided by 11?
7
What is the remainder when 384 is divided by 10?
4
Calculate the remainder when 6 is divided by 2.
0
What is the remainder when 460 is divided by 150?
10
What is the remainder when 466 is divided by 78?
76
Calculate the remainder when 567 is divided by 57.
54
Calculate the remainder when 982 is divided by 326.
4
Calculate the remainder when 2626 is divided by 218.
10
Calculate the remainder when 1143 is divided by 93.
27
What is the remainder when 47 is divided by 17?
13
Calculate the remainder when 22 is divided by 21.
1
What is the remainder when 478 is divided by 129?
91
Calculate the remainder when 5243 is divided by 9.
5
Calculate the remainder when 557 is divided by 8.
5
What is the remainder when 782 is divided by 258?
8
What is the remainder when 976 is divided by 16?
0
Calculate the remainder when 199 is divided by 11.
1
Calculate the remainder when 1383 is divided by 14.
11
What is the remainder when 220 is divided by 16?
12
Calculate the remainder when 286 is divided by 8.
6
What is the remainder when 267 is divided by 14?
1
Calculate the remainder when 2018 is divided by 52.
42
What is the remainder when 1119 is divided by 17?
14
What is the remainder when 40 is divided by 5?
0
Calculate the remainder when 1153 is divided by 65.
48
Calculate the remainder when 604 is divided by 295.
14
What is the remainder when 594 is divided by 148?
2
What is the remainder when 1438 is divided by 12?
10
Calculate the remainder when 38 is divided by 13.
12
Calculate the remainder when 10893 is divided by 24.
21
Calculate the remainder when 369 is divided by 4.
1
Calculate the remainder when 2332 is divided by 3.
1
What is the remainder when 1611 is divided by 799?
13
What is the remainder when 2126 is divided by 16?
14
Calculate the remainder when 3497 is divided by 107.
73
Calculate the remainder when 281 is divided by 27.
11
What is the remainder when 6 is divided by 1?
0
What is the remainder when 25219 is divided by 97?
96
Calculate the remainder when 2781 is divided by 7.
2
Calculate the remainder when 458 is divided by 15.
8
Calculate the remainder when 1299 is divided by 185.
4
Calculate the remainder when 2358 is divided by 11.
4
Calculate the remainder when 493 is divided by 33.
31
What is the remainder when 148 is divided by 6?
4
What is the remainder when 60 is divided by 16?
12
What is the remainder when 126 is divided by 32?
30
What is the remainder when 159 is divided by 36?
15
Calculate the remainder when 133 is divided by 36.
25
Calculate the remainder when 807 is divided by 450.
357
What is the remainder when 104 is divided by 24?
8
Calculate the remainder when 2945 is divided by 42.
5
What is the remainder when 275 is divided by 53?
10
Calculate the remainder when 8 is divided by 5.
3
What is the remainder when 89 is divided by 9?
8
What is the remainder when 233 is divided by 59?
56
What is the remainder when 1011 is divided by 22?
21
Calculate the remainder when 161 is divided by 13.
5
Calculate the remainder when 1377 is divided by 20.
17
What is the remainder when 55 is divided by 21?
13
Calculate the remainder when 96 is divided by 9.
6
What is the remainder when 38 is divided by 13?
12
Calculate the remainder when 290 is divided by 21.
17
Calculate the remainder when 767 is divided by 132.
107
What is the remainder when 1599 is divided by 20?
19
Calculate the remainder when 1893 is divided by 378.
3
What is the remainder when 41 is divided by 13?
2
Calculate the remainder when 341 is divided by 59.
46
Calculate the remainder when 9917 is divided by 19.
18
Calculate the remainder when 58 is divided by 26.
6
Calculate the remainder when 2047 is divided by 50.
47
What is the remainder when 596 is divided by 99?
2
Calculate the remainder when 21 is divided by 7.
0
What is the remainder when 5026 is divided by 389?
358
Calculate the remainder when 92 is divided by 4.
0
What is the remainder when 181 is divided by 28?
13
Calculate the remainder when 414 is divided by 200.
14
Calculate the remainder when 836 is divided by 213.
197
What is the remainder when 131 is divided by 69?
62
Calculate the remainder when 106 is divided by 11.
7
What is the remainder when 73 is divided by 48?
25
What is the remainder when 368 is divided by 329?
39
What is the remainder when 4528 is divided by 38?
6
What is the remainder when 1951 is divided by 31?
29
What is the remainder when 140 is divided by 9?
5
What is the remainder when 1665 is divided by 33?
15
What is the remainder when 65 is divided by 10?
5
What is the remainder when 168 is divided by 